{"id":4135,"date":"2024-07-31T10:28:07","date_gmt":"2024-07-31T08:28:07","guid":{"rendered":"https:\/\/joyinterieur.com\/?page_id=4135"},"modified":"2024-07-31T11:41:23","modified_gmt":"2024-07-31T09:41:23","slug":"ffb","status":"publish","type":"page","link":"https:\/\/joyinterieur.com\/?page_id=4135","title":{"rendered":"Bureaux FFB"},"content":{"rendered":"\t\t<div data-elementor-type=\"wp-page\" data-elementor-id=\"4135\" class=\"elementor elementor-4135\">\n\t\t\t\t<div class=\"elementor-element elementor-element-002afa9 e-con-full e-flex e-con e-parent\" data-id=\"002afa9\" data-element_type=\"container\" data-settings=\"{&quot;background_background&quot;:&quot;classic&quot;}\">\n\t\t\t\t<\/div>\n\t\t<div class=\"elementor-element elementor-element-4de7571 e-flex e-con-boxed e-con e-parent\" data-id=\"4de7571\" data-element_type=\"container\">\n\t\t\t\t\t<div class=\"e-con-inner\">\n\t\t<div class=\"elementor-element elementor-element-4575cf7 e-con-full e-flex e-con e-child\" data-id=\"4575cf7\" data-element_type=\"container\">\n\t\t\t\t<div class=\"elementor-element elementor-element-d26d33d elementor-widget elementor-widget-heading\" data-id=\"d26d33d\" data-element_type=\"widget\" data-widget_type=\"heading.default\">\n\t\t\t\t<div class=\"elementor-widget-container\">\n\t\t\t\t\t<h2 class=\"elementor-heading-title elementor-size-default\">Bureaux FFB<\/h2>\t\t\t\t<\/div>\n\t\t\t\t<\/div>\n\t\t\t\t<div class=\"elementor-element elementor-element-58ddae6 elementor-widget__width-initial elementor-widget elementor-widget-text-editor\" data-id=\"58ddae6\" data-element_type=\"widget\" data-widget_type=\"text-editor.default\">\n\t\t\t\t<div class=\"elementor-widget-container\">\n\t\t\t\t\t\t\t\t\t<p>R\u00e9novation de bureaux pour la F\u00e9d\u00e9ration Fran\u00e7aise du B\u00e2timent \u00e0 Rennes. Chaque espace, de l&rsquo;accueil aux bureaux, en passant par les salles de r\u00e9union et la caf\u00e9t\u00e9ria, a \u00e9t\u00e9 repens\u00e9.<\/p><p>Chaque d\u00e9tail, comme les lattes de bois dispos\u00e9es en motifs diagonaux, a \u00e9t\u00e9 con\u00e7u pour allier fonctionnalit\u00e9, confort et esth\u00e9tique.<\/p>\t\t\t\t\t\t\t\t<\/div>\n\t\t\t\t<\/div>\n\t\t\t\t<div class=\"elementor-element elementor-element-0638a0b elementor-widget__width-initial elementor-widget elementor-widget-text-editor\" data-id=\"0638a0b\" data-element_type=\"widget\" data-widget_type=\"text-editor.default\">\n\t\t\t\t<div class=\"elementor-widget-container\">\n\t\t\t\t\t\t\t\t\t<p>Lieu : <strong>Rennes<\/strong><\/p><p>Ann\u00e9e : <strong>2023<\/strong><\/p><p>Superficie :<strong> 250 m\u00b2<\/strong><\/p><p>Type :<strong> Bureaux<\/strong><\/p>\t\t\t\t\t\t\t\t<\/div>\n\t\t\t\t<\/div>\n\t\t\t\t<\/div>\n\t\t<div class=\"elementor-element elementor-element-ec94afc e-con-full e-flex e-con e-child\" data-id=\"ec94afc\" data-element_type=\"container\">\n\t\t\t\t<div class=\"elementor-element elementor-element-56d52d9 elementor-widget__width-initial elementor-widget elementor-widget-image\" data-id=\"56d52d9\" data-element_type=\"widget\" data-widget_type=\"image.default\">\n\t\t\t\t<div class=\"elementor-widget-container\">\n\t\t\t\t\t\t\t\t\t\t\t\t\t\t\t<img fetchpriority=\"high\" decoding=\"async\" width=\"768\" height=\"1080\" src=\"https:\/\/joyinterieur.com\/wp-content\/uploads\/2024\/07\/JOYDESIGN-INTERIEUR-FFB-DETAIL-BOIS-ACCUEIL-768x1080.png\" class=\"attachment-medium_large size-medium_large wp-image-4191\" alt=\"D\u00e9tail d&#039;un mur d\u00e9coratif en lattes de bois dispos\u00e9es en motifs diagonaux avec un fauteuil rouge au premier plan.\" srcset=\"https:\/\/joyinterieur.com\/wp-content\/uploads\/2024\/07\/JOYDESIGN-INTERIEUR-FFB-DETAIL-BOIS-ACCUEIL-768x1080.png 768w, https:\/\/joyinterieur.com\/wp-content\/uploads\/2024\/07\/JOYDESIGN-INTERIEUR-FFB-DETAIL-BOIS-ACCUEIL-213x300.png 213w, https:\/\/joyinterieur.com\/wp-content\/uploads\/2024\/07\/JOYDESIGN-INTERIEUR-FFB-DETAIL-BOIS-ACCUEIL-728x1024.png 728w, https:\/\/joyinterieur.com\/wp-content\/uploads\/2024\/07\/JOYDESIGN-INTERIEUR-FFB-DETAIL-BOIS-ACCUEIL-1092x1536.png 1092w, https:\/\/joyinterieur.com\/wp-content\/uploads\/2024\/07\/JOYDESIGN-INTERIEUR-FFB-DETAIL-BOIS-ACCUEIL-1456x2048.png 1456w, https:\/\/joyinterieur.com\/wp-content\/uploads\/2024\/07\/JOYDESIGN-INTERIEUR-FFB-DETAIL-BOIS-ACCUEIL.png 1900w\" sizes=\"(max-width: 768px) 100vw, 768px\" \/>\t\t\t\t\t\t\t\t\t\t\t\t\t\t\t<\/div>\n\t\t\t\t<\/div>\n\t\t\t\t<\/div>\n\t\t\t\t\t<\/div>\n\t\t\t\t<\/div>\n\t\t<div class=\"elementor-element elementor-element-e97caf5 e-flex e-con-boxed e-con e-parent\" data-id=\"e97caf5\" data-element_type=\"container\">\n\t\t\t\t\t<div class=\"e-con-inner\">\n\t\t<div class=\"elementor-element elementor-element-fa0898e e-con-full e-flex e-con e-child\" data-id=\"fa0898e\" data-element_type=\"container\">\n\t\t\t\t<div class=\"elementor-element elementor-element-2d49b96 elementor-widget elementor-widget-image\" data-id=\"2d49b96\" data-element_type=\"widget\" data-widget_type=\"image.default\">\n\t\t\t\t<div class=\"elementor-widget-container\">\n\t\t\t\t\t\t\t\t\t\t\t\t\t\t\t<img decoding=\"async\" width=\"768\" height=\"1152\" src=\"https:\/\/joyinterieur.com\/wp-content\/uploads\/2024\/07\/JOYDESIGN-INTERIEUR-FFB-CUISINE-768x1152.png\" class=\"attachment-medium_large size-medium_large wp-image-4188\" alt=\"Cuisine moderne avec des armoires en bois, une grande table blanche et des chaises design.\" srcset=\"https:\/\/joyinterieur.com\/wp-content\/uploads\/2024\/07\/JOYDESIGN-INTERIEUR-FFB-CUISINE-768x1152.png 768w, https:\/\/joyinterieur.com\/wp-content\/uploads\/2024\/07\/JOYDESIGN-INTERIEUR-FFB-CUISINE-200x300.png 200w, https:\/\/joyinterieur.com\/wp-content\/uploads\/2024\/07\/JOYDESIGN-INTERIEUR-FFB-CUISINE-683x1024.png 683w, https:\/\/joyinterieur.com\/wp-content\/uploads\/2024\/07\/JOYDESIGN-INTERIEUR-FFB-CUISINE-1024x1536.png 1024w, https:\/\/joyinterieur.com\/wp-content\/uploads\/2024\/07\/JOYDESIGN-INTERIEUR-FFB-CUISINE-1365x2048.png 1365w, https:\/\/joyinterieur.com\/wp-content\/uploads\/2024\/07\/JOYDESIGN-INTERIEUR-FFB-CUISINE.png 1900w\" sizes=\"(max-width: 768px) 100vw, 768px\" \/>\t\t\t\t\t\t\t\t\t\t\t\t\t\t\t<\/div>\n\t\t\t\t<\/div>\n\t\t\t\t<\/div>\n\t\t<div class=\"elementor-element elementor-element-296fc47 e-con-full e-flex e-con e-child\" data-id=\"296fc47\" data-element_type=\"container\">\n\t\t\t\t<div class=\"elementor-element elementor-element-abe4a31 elementor-widget elementor-widget-image\" data-id=\"abe4a31\" data-element_type=\"widget\" data-widget_type=\"image.default\">\n\t\t\t\t<div class=\"elementor-widget-container\">\n\t\t\t\t\t\t\t\t\t\t\t\t\t\t\t<img decoding=\"async\" width=\"768\" height=\"1296\" src=\"https:\/\/joyinterieur.com\/wp-content\/uploads\/2024\/07\/JOYDESIGN-INTERIEUR-FFB-BUREAU-768x1296.png\" class=\"attachment-medium_large size-medium_large wp-image-4185\" alt=\"Coin bureau lumineux avec une grande fen\u00eatre, une plante en pot et un meuble de rangement en bois et blanc.\" srcset=\"https:\/\/joyinterieur.com\/wp-content\/uploads\/2024\/07\/JOYDESIGN-INTERIEUR-FFB-BUREAU-768x1296.png 768w, https:\/\/joyinterieur.com\/wp-content\/uploads\/2024\/07\/JOYDESIGN-INTERIEUR-FFB-BUREAU-178x300.png 178w, https:\/\/joyinterieur.com\/wp-content\/uploads\/2024\/07\/JOYDESIGN-INTERIEUR-FFB-BUREAU-607x1024.png 607w, https:\/\/joyinterieur.com\/wp-content\/uploads\/2024\/07\/JOYDESIGN-INTERIEUR-FFB-BUREAU-910x1536.png 910w, https:\/\/joyinterieur.com\/wp-content\/uploads\/2024\/07\/JOYDESIGN-INTERIEUR-FFB-BUREAU-1214x2048.png 1214w, https:\/\/joyinterieur.com\/wp-content\/uploads\/2024\/07\/JOYDESIGN-INTERIEUR-FFB-BUREAU.png 1900w\" sizes=\"(max-width: 768px) 100vw, 768px\" \/>\t\t\t\t\t\t\t\t\t\t\t\t\t\t\t<\/div>\n\t\t\t\t<\/div>\n\t\t\t\t<\/div>\n\t\t<div class=\"elementor-element elementor-element-30ebd77 e-con-full e-flex e-con e-child\" data-id=\"30ebd77\" data-element_type=\"container\">\n\t\t\t\t<div class=\"elementor-element elementor-element-c8b1729 elementor-widget elementor-widget-image\" data-id=\"c8b1729\" data-element_type=\"widget\" data-widget_type=\"image.default\">\n\t\t\t\t<div class=\"elementor-widget-container\">\n\t\t\t\t\t\t\t\t\t\t\t\t\t\t\t<img loading=\"lazy\" decoding=\"async\" width=\"768\" height=\"1152\" src=\"https:\/\/joyinterieur.com\/wp-content\/uploads\/2024\/07\/JOYDESIGN-INTERIEUR-FFB-DETAIL-CUISINE-768x1152.png\" class=\"attachment-medium_large size-medium_large wp-image-4193\" alt=\"D\u00e9tail d&#039;un \u00e9vier en acier inoxydable int\u00e9gr\u00e9 dans un plan de travail en pierre, avec des armoires en bois.\" srcset=\"https:\/\/joyinterieur.com\/wp-content\/uploads\/2024\/07\/JOYDESIGN-INTERIEUR-FFB-DETAIL-CUISINE-768x1152.png 768w, https:\/\/joyinterieur.com\/wp-content\/uploads\/2024\/07\/JOYDESIGN-INTERIEUR-FFB-DETAIL-CUISINE-200x300.png 200w, https:\/\/joyinterieur.com\/wp-content\/uploads\/2024\/07\/JOYDESIGN-INTERIEUR-FFB-DETAIL-CUISINE-682x1024.png 682w, https:\/\/joyinterieur.com\/wp-content\/uploads\/2024\/07\/JOYDESIGN-INTERIEUR-FFB-DETAIL-CUISINE-1024x1536.png 1024w, https:\/\/joyinterieur.com\/wp-content\/uploads\/2024\/07\/JOYDESIGN-INTERIEUR-FFB-DETAIL-CUISINE-1365x2048.png 1365w, https:\/\/joyinterieur.com\/wp-content\/uploads\/2024\/07\/JOYDESIGN-INTERIEUR-FFB-DETAIL-CUISINE.png 1900w\" sizes=\"(max-width: 768px) 100vw, 768px\" \/>\t\t\t\t\t\t\t\t\t\t\t\t\t\t\t<\/div>\n\t\t\t\t<\/div>\n\t\t\t\t<\/div>\n\t\t<div class=\"elementor-element elementor-element-a6be31e e-con-full e-flex e-con e-child\" data-id=\"a6be31e\" data-element_type=\"container\">\n\t\t\t\t<div class=\"elementor-element elementor-element-f001414 elementor-widget elementor-widget-image\" data-id=\"f001414\" data-element_type=\"widget\" data-widget_type=\"image.default\">\n\t\t\t\t<div class=\"elementor-widget-container\">\n\t\t\t\t\t\t\t\t\t\t\t\t\t\t\t<img loading=\"lazy\" decoding=\"async\" width=\"768\" height=\"541\" src=\"https:\/\/joyinterieur.com\/wp-content\/uploads\/2024\/07\/JOYDESIGN-INTERIEUR-FFB-REUNION-768x541.png\" class=\"attachment-medium_large size-medium_large wp-image-4194\" alt=\"Salle de r\u00e9union lumineuse avec une grande table blanche, des chaises vertes en velours, un mur d\u00e9coratif en bois et des stores en bois aux fen\u00eatres.\" srcset=\"https:\/\/joyinterieur.com\/wp-content\/uploads\/2024\/07\/JOYDESIGN-INTERIEUR-FFB-REUNION-768x541.png 768w, https:\/\/joyinterieur.com\/wp-content\/uploads\/2024\/07\/JOYDESIGN-INTERIEUR-FFB-REUNION-300x211.png 300w, https:\/\/joyinterieur.com\/wp-content\/uploads\/2024\/07\/JOYDESIGN-INTERIEUR-FFB-REUNION-1024x722.png 1024w, https:\/\/joyinterieur.com\/wp-content\/uploads\/2024\/07\/JOYDESIGN-INTERIEUR-FFB-REUNION-1536x1082.png 1536w, https:\/\/joyinterieur.com\/wp-content\/uploads\/2024\/07\/JOYDESIGN-INTERIEUR-FFB-REUNION.png 1900w\" sizes=\"(max-width: 768px) 100vw, 768px\" \/>\t\t\t\t\t\t\t\t\t\t\t\t\t\t\t<\/div>\n\t\t\t\t<\/div>\n\t\t\t\t<\/div>\n\t\t<div class=\"elementor-element elementor-element-1451a7e e-con-full e-flex e-con e-child\" data-id=\"1451a7e\" data-element_type=\"container\">\n\t\t\t\t<div class=\"elementor-element elementor-element-298464e elementor-widget elementor-widget-image\" data-id=\"298464e\" data-element_type=\"widget\" data-widget_type=\"image.default\">\n\t\t\t\t<div class=\"elementor-widget-container\">\n\t\t\t\t\t\t\t\t\t\t\t\t\t\t\t<img loading=\"lazy\" decoding=\"async\" width=\"768\" height=\"768\" src=\"https:\/\/joyinterieur.com\/wp-content\/uploads\/2024\/07\/JOYDESIGN-INTERIEUR-FFB-REUNION-2-768x768.jpg\" class=\"attachment-medium_large size-medium_large wp-image-4196\" alt=\"Mur d\u00e9coratif avec des bandes lumineuses en motifs diagonaux et des chaises en velours vert autour d&#039;une table blanche.\" srcset=\"https:\/\/joyinterieur.com\/wp-content\/uploads\/2024\/07\/JOYDESIGN-INTERIEUR-FFB-REUNION-2-768x768.jpg 768w, https:\/\/joyinterieur.com\/wp-content\/uploads\/2024\/07\/JOYDESIGN-INTERIEUR-FFB-REUNION-2-300x300.jpg 300w, https:\/\/joyinterieur.com\/wp-content\/uploads\/2024\/07\/JOYDESIGN-INTERIEUR-FFB-REUNION-2-1024x1024.jpg 1024w, https:\/\/joyinterieur.com\/wp-content\/uploads\/2024\/07\/JOYDESIGN-INTERIEUR-FFB-REUNION-2-150x150.jpg 150w, https:\/\/joyinterieur.com\/wp-content\/uploads\/2024\/07\/JOYDESIGN-INTERIEUR-FFB-REUNION-2-1536x1536.jpg 1536w, https:\/\/joyinterieur.com\/wp-content\/uploads\/2024\/07\/JOYDESIGN-INTERIEUR-FFB-REUNION-2-600x600.jpg 600w, https:\/\/joyinterieur.com\/wp-content\/uploads\/2024\/07\/JOYDESIGN-INTERIEUR-FFB-REUNION-2.jpg 1900w\" sizes=\"(max-width: 768px) 100vw, 768px\" \/>\t\t\t\t\t\t\t\t\t\t\t\t\t\t\t<\/div>\n\t\t\t\t<\/div>\n\t\t\t\t<\/div>\n\t\t\t\t\t<\/div>\n\t\t\t\t<\/div>\n\t\t\t\t<\/div>\n\t\t","protected":false},"excerpt":{"rendered":"<p>Bureaux FFB R\u00e9novation de bureaux pour la F\u00e9d\u00e9ration Fran\u00e7aise du B\u00e2timent \u00e0 Rennes. Chaque espace, de l&rsquo;accueil aux bureaux, en passant par les salles de r\u00e9union et la caf\u00e9t\u00e9ria, a \u00e9t\u00e9 repens\u00e9. Chaque d\u00e9tail, comme les lattes de bois dispos\u00e9es en motifs diagonaux, a \u00e9t\u00e9 con\u00e7u pour allier fonctionnalit\u00e9, confort et esth\u00e9tique. Lieu : Rennes [&hellip;]<\/p>\n","protected":false},"author":2,"featured_media":0,"parent":0,"menu_order":0,"comment_status":"closed","ping_status":"closed","template":"","meta":{"_acf_changed":false,"_uag_custom_page_level_css":"","ocean_post_layout":"","ocean_both_sidebars_style":"","ocean_both_sidebars_content_width":0,"ocean_both_sidebars_sidebars_width":0,"ocean_sidebar":"","ocean_second_sidebar":"","ocean_disable_margins":"enable","ocean_add_body_class":"","ocean_shortcode_before_top_bar":"","ocean_shortcode_after_top_bar":"","ocean_shortcode_before_header":"","ocean_shortcode_after_header":"","ocean_has_shortcode":"","ocean_shortcode_after_title":"","ocean_shortcode_before_footer_widgets":"","ocean_shortcode_after_footer_widgets":"","ocean_shortcode_before_footer_bottom":"","ocean_shortcode_after_footer_bottom":"","ocean_display_top_bar":"default","ocean_display_header":"default","ocean_header_style":"","ocean_center_header_left_menu":"","ocean_custom_header_template":"","ocean_custom_logo":0,"ocean_custom_retina_logo":0,"ocean_custom_logo_max_width":0,"ocean_custom_logo_tablet_max_width":0,"ocean_custom_logo_mobile_max_width":0,"ocean_custom_logo_max_height":0,"ocean_custom_logo_tablet_max_height":0,"ocean_custom_logo_mobile_max_height":0,"ocean_header_custom_menu":"","ocean_menu_typo_font_family":"","ocean_menu_typo_font_subset":"","ocean_menu_typo_font_size":0,"ocean_menu_typo_font_size_tablet":0,"ocean_menu_typo_font_size_mobile":0,"ocean_menu_typo_font_size_unit":"px","ocean_menu_typo_font_weight":"","ocean_menu_typo_font_weight_tablet":"","ocean_menu_typo_font_weight_mobile":"","ocean_menu_typo_transform":"","ocean_menu_typo_transform_tablet":"","ocean_menu_typo_transform_mobile":"","ocean_menu_typo_line_height":0,"ocean_menu_typo_line_height_tablet":0,"ocean_menu_typo_line_height_mobile":0,"ocean_menu_typo_line_height_unit":"","ocean_menu_typo_spacing":0,"ocean_menu_typo_spacing_tablet":0,"ocean_menu_typo_spacing_mobile":0,"ocean_menu_typo_spacing_unit":"","ocean_menu_link_color":"","ocean_menu_link_color_hover":"","ocean_menu_link_color_active":"","ocean_menu_link_background":"","ocean_menu_link_hover_background":"","ocean_menu_link_active_background":"","ocean_menu_social_links_bg":"","ocean_menu_social_hover_links_bg":"","ocean_menu_social_links_color":"","ocean_menu_social_hover_links_color":"","ocean_disable_title":"default","ocean_disable_heading":"default","ocean_post_title":"","ocean_post_subheading":"","ocean_post_title_style":"","ocean_post_title_background_color":"","ocean_post_title_background":0,"ocean_post_title_bg_image_position":"","ocean_post_title_bg_image_attachment":"","ocean_post_title_bg_image_repeat":"","ocean_post_title_bg_image_size":"","ocean_post_title_height":0,"ocean_post_title_bg_overlay":0.5,"ocean_post_title_bg_overlay_color":"","ocean_disable_breadcrumbs":"default","ocean_breadcrumbs_color":"","ocean_breadcrumbs_separator_color":"","ocean_breadcrumbs_links_color":"","ocean_breadcrumbs_links_hover_color":"","ocean_display_footer_widgets":"default","ocean_display_footer_bottom":"default","ocean_custom_footer_template":"","footnotes":""},"acf":[],"yoast_head":"<!-- This site is optimized with the Yoast SEO plugin v22.9 - https:\/\/yoast.com\/wordpress\/plugins\/seo\/ -->\n<title>Bureaux FFB - Joydesign int\u00e9rieur<\/title>\n<meta name=\"robots\" content=\"index, follow, max-snippet:-1, max-image-preview:large, max-video-preview:-1\" \/>\n<link rel=\"canonical\" href=\"https:\/\/joyinterieur.com\/?page_id=4135\" \/>\n<meta property=\"og:locale\" content=\"fr_FR\" \/>\n<meta property=\"og:type\" content=\"article\" \/>\n<meta property=\"og:title\" content=\"Bureaux FFB - Joydesign int\u00e9rieur\" \/>\n<meta property=\"og:description\" content=\"Bureaux FFB R\u00e9novation de bureaux pour la F\u00e9d\u00e9ration Fran\u00e7aise du B\u00e2timent \u00e0 Rennes. Chaque espace, de l&rsquo;accueil aux bureaux, en passant par les salles de r\u00e9union et la caf\u00e9t\u00e9ria, a \u00e9t\u00e9 repens\u00e9. Chaque d\u00e9tail, comme les lattes de bois dispos\u00e9es en motifs diagonaux, a \u00e9t\u00e9 con\u00e7u pour allier fonctionnalit\u00e9, confort et esth\u00e9tique. Lieu : Rennes [&hellip;]\" \/>\n<meta property=\"og:url\" content=\"https:\/\/joyinterieur.com\/?page_id=4135\" \/>\n<meta property=\"og:site_name\" content=\"Joydesign int\u00e9rieur\" \/>\n<meta property=\"article:modified_time\" content=\"2024-07-31T09:41:23+00:00\" \/>\n<meta property=\"og:image\" content=\"https:\/\/joyinterieur.com\/wp-content\/uploads\/2024\/07\/JOYDESIGN-INTERIEUR-FFB-DETAIL-BOIS-ACCUEIL-768x1080.png\" \/>\n<meta name=\"twitter:card\" content=\"summary_large_image\" \/>\n<meta name=\"twitter:label1\" content=\"Dur\u00e9e de lecture estim\u00e9e\" \/>\n\t<meta name=\"twitter:data1\" content=\"2 minutes\" \/>\n<script type=\"application\/ld+json\" class=\"yoast-schema-graph\">{\"@context\":\"https:\/\/schema.org\",\"@graph\":[{\"@type\":\"WebPage\",\"@id\":\"https:\/\/joyinterieur.com\/?page_id=4135\",\"url\":\"https:\/\/joyinterieur.com\/?page_id=4135\",\"name\":\"Bureaux FFB - Joydesign int\u00e9rieur\",\"isPartOf\":{\"@id\":\"https:\/\/joyinterieur.com\/#website\"},\"primaryImageOfPage\":{\"@id\":\"https:\/\/joyinterieur.com\/?page_id=4135#primaryimage\"},\"image\":{\"@id\":\"https:\/\/joyinterieur.com\/?page_id=4135#primaryimage\"},\"thumbnailUrl\":\"https:\/\/joyinterieur.com\/wp-content\/uploads\/2024\/07\/JOYDESIGN-INTERIEUR-FFB-DETAIL-BOIS-ACCUEIL-768x1080.png\",\"datePublished\":\"2024-07-31T08:28:07+00:00\",\"dateModified\":\"2024-07-31T09:41:23+00:00\",\"breadcrumb\":{\"@id\":\"https:\/\/joyinterieur.com\/?page_id=4135#breadcrumb\"},\"inLanguage\":\"fr-FR\",\"potentialAction\":[{\"@type\":\"ReadAction\",\"target\":[\"https:\/\/joyinterieur.com\/?page_id=4135\"]}]},{\"@type\":\"ImageObject\",\"inLanguage\":\"fr-FR\",\"@id\":\"https:\/\/joyinterieur.com\/?page_id=4135#primaryimage\",\"url\":\"https:\/\/joyinterieur.com\/wp-content\/uploads\/2024\/07\/JOYDESIGN-INTERIEUR-FFB-DETAIL-BOIS-ACCUEIL.png\",\"contentUrl\":\"https:\/\/joyinterieur.com\/wp-content\/uploads\/2024\/07\/JOYDESIGN-INTERIEUR-FFB-DETAIL-BOIS-ACCUEIL.png\",\"width\":1900,\"height\":2672,\"caption\":\"D\u00e9tail de d\u00e9coration murale en lattes de bois et fauteuil rouge dans un espace d'accueil.\"},{\"@type\":\"BreadcrumbList\",\"@id\":\"https:\/\/joyinterieur.com\/?page_id=4135#breadcrumb\",\"itemListElement\":[{\"@type\":\"ListItem\",\"position\":1,\"name\":\"Accueil\",\"item\":\"https:\/\/joyinterieur.com\/\"},{\"@type\":\"ListItem\",\"position\":2,\"name\":\"Bureaux FFB\"}]},{\"@type\":\"WebSite\",\"@id\":\"https:\/\/joyinterieur.com\/#website\",\"url\":\"https:\/\/joyinterieur.com\/\",\"name\":\"Joydesign int\u00e9rieur\",\"description\":\"\",\"publisher\":{\"@id\":\"https:\/\/joyinterieur.com\/#organization\"},\"alternateName\":\"Joydesign int\u00e9rieur\",\"potentialAction\":[{\"@type\":\"SearchAction\",\"target\":{\"@type\":\"EntryPoint\",\"urlTemplate\":\"https:\/\/joyinterieur.com\/?s={search_term_string}\"},\"query-input\":\"required name=search_term_string\"}],\"inLanguage\":\"fr-FR\"},{\"@type\":\"Organization\",\"@id\":\"https:\/\/joyinterieur.com\/#organization\",\"name\":\"Joydesign interieur\",\"alternateName\":\"Joydesign interieur\",\"url\":\"https:\/\/joyinterieur.com\/\",\"logo\":{\"@type\":\"ImageObject\",\"inLanguage\":\"fr-FR\",\"@id\":\"https:\/\/joyinterieur.com\/#\/schema\/logo\/image\/\",\"url\":\"https:\/\/joyinterieur.com\/wp-content\/uploads\/2024\/06\/LOGO_NOIR.png\",\"contentUrl\":\"https:\/\/joyinterieur.com\/wp-content\/uploads\/2024\/06\/LOGO_NOIR.png\",\"width\":1900,\"height\":682,\"caption\":\"Joydesign interieur\"},\"image\":{\"@id\":\"https:\/\/joyinterieur.com\/#\/schema\/logo\/image\/\"},\"sameAs\":[\"https:\/\/www.instagram.com\/joydesigninterieur\/\",\"https:\/\/www.linkedin.com\/company\/joydesigninterieur\/?viewAsMember=true\"]}]}<\/script>\n<!-- \/ Yoast SEO plugin. -->","yoast_head_json":{"title":"Bureaux FFB - Joydesign int\u00e9rieur","robots":{"index":"index","follow":"follow","max-snippet":"max-snippet:-1","max-image-preview":"max-image-preview:large","max-video-preview":"max-video-preview:-1"},"canonical":"https:\/\/joyinterieur.com\/?page_id=4135","og_locale":"fr_FR","og_type":"article","og_title":"Bureaux FFB - Joydesign int\u00e9rieur","og_description":"Bureaux FFB R\u00e9novation de bureaux pour la F\u00e9d\u00e9ration Fran\u00e7aise du B\u00e2timent \u00e0 Rennes. Chaque espace, de l&rsquo;accueil aux bureaux, en passant par les salles de r\u00e9union et la caf\u00e9t\u00e9ria, a \u00e9t\u00e9 repens\u00e9. Chaque d\u00e9tail, comme les lattes de bois dispos\u00e9es en motifs diagonaux, a \u00e9t\u00e9 con\u00e7u pour allier fonctionnalit\u00e9, confort et esth\u00e9tique. Lieu : Rennes [&hellip;]","og_url":"https:\/\/joyinterieur.com\/?page_id=4135","og_site_name":"Joydesign int\u00e9rieur","article_modified_time":"2024-07-31T09:41:23+00:00","og_image":[{"url":"https:\/\/joyinterieur.com\/wp-content\/uploads\/2024\/07\/JOYDESIGN-INTERIEUR-FFB-DETAIL-BOIS-ACCUEIL-768x1080.png"}],"twitter_card":"summary_large_image","twitter_misc":{"Dur\u00e9e de lecture estim\u00e9e":"2 minutes"},"schema":{"@context":"https:\/\/schema.org","@graph":[{"@type":"WebPage","@id":"https:\/\/joyinterieur.com\/?page_id=4135","url":"https:\/\/joyinterieur.com\/?page_id=4135","name":"Bureaux FFB - Joydesign int\u00e9rieur","isPartOf":{"@id":"https:\/\/joyinterieur.com\/#website"},"primaryImageOfPage":{"@id":"https:\/\/joyinterieur.com\/?page_id=4135#primaryimage"},"image":{"@id":"https:\/\/joyinterieur.com\/?page_id=4135#primaryimage"},"thumbnailUrl":"https:\/\/joyinterieur.com\/wp-content\/uploads\/2024\/07\/JOYDESIGN-INTERIEUR-FFB-DETAIL-BOIS-ACCUEIL-768x1080.png","datePublished":"2024-07-31T08:28:07+00:00","dateModified":"2024-07-31T09:41:23+00:00","breadcrumb":{"@id":"https:\/\/joyinterieur.com\/?page_id=4135#breadcrumb"},"inLanguage":"fr-FR","potentialAction":[{"@type":"ReadAction","target":["https:\/\/joyinterieur.com\/?page_id=4135"]}]},{"@type":"ImageObject","inLanguage":"fr-FR","@id":"https:\/\/joyinterieur.com\/?page_id=4135#primaryimage","url":"https:\/\/joyinterieur.com\/wp-content\/uploads\/2024\/07\/JOYDESIGN-INTERIEUR-FFB-DETAIL-BOIS-ACCUEIL.png","contentUrl":"https:\/\/joyinterieur.com\/wp-content\/uploads\/2024\/07\/JOYDESIGN-INTERIEUR-FFB-DETAIL-BOIS-ACCUEIL.png","width":1900,"height":2672,"caption":"D\u00e9tail de d\u00e9coration murale en lattes de bois et fauteuil rouge dans un espace d'accueil."},{"@type":"BreadcrumbList","@id":"https:\/\/joyinterieur.com\/?page_id=4135#breadcrumb","itemListElement":[{"@type":"ListItem","position":1,"name":"Accueil","item":"https:\/\/joyinterieur.com\/"},{"@type":"ListItem","position":2,"name":"Bureaux FFB"}]},{"@type":"WebSite","@id":"https:\/\/joyinterieur.com\/#website","url":"https:\/\/joyinterieur.com\/","name":"Joydesign int\u00e9rieur","description":"","publisher":{"@id":"https:\/\/joyinterieur.com\/#organization"},"alternateName":"Joydesign int\u00e9rieur","potentialAction":[{"@type":"SearchAction","target":{"@type":"EntryPoint","urlTemplate":"https:\/\/joyinterieur.com\/?s={search_term_string}"},"query-input":"required name=search_term_string"}],"inLanguage":"fr-FR"},{"@type":"Organization","@id":"https:\/\/joyinterieur.com\/#organization","name":"Joydesign interieur","alternateName":"Joydesign interieur","url":"https:\/\/joyinterieur.com\/","logo":{"@type":"ImageObject","inLanguage":"fr-FR","@id":"https:\/\/joyinterieur.com\/#\/schema\/logo\/image\/","url":"https:\/\/joyinterieur.com\/wp-content\/uploads\/2024\/06\/LOGO_NOIR.png","contentUrl":"https:\/\/joyinterieur.com\/wp-content\/uploads\/2024\/06\/LOGO_NOIR.png","width":1900,"height":682,"caption":"Joydesign interieur"},"image":{"@id":"https:\/\/joyinterieur.com\/#\/schema\/logo\/image\/"},"sameAs":["https:\/\/www.instagram.com\/joydesigninterieur\/","https:\/\/www.linkedin.com\/company\/joydesigninterieur\/?viewAsMember=true"]}]}},"uagb_featured_image_src":{"full":false,"thumbnail":false,"medium":false,"medium_large":false,"large":false,"1536x1536":false,"2048x2048":false,"ocean-thumb-m":false,"ocean-thumb-ml":false,"ocean-thumb-l":false},"uagb_author_info":{"display_name":"marie","author_link":"https:\/\/joyinterieur.com\/?author=2"},"uagb_comment_info":0,"uagb_excerpt":"Bureaux FFB R\u00e9novation de bureaux pour la F\u00e9d\u00e9ration Fran\u00e7aise du B\u00e2timent \u00e0 Rennes. Chaque espace, de l&rsquo;accueil aux bureaux, en passant par les salles de r\u00e9union et la caf\u00e9t\u00e9ria, a \u00e9t\u00e9 repens\u00e9. Chaque d\u00e9tail, comme les lattes de bois dispos\u00e9es en motifs diagonaux, a \u00e9t\u00e9 con\u00e7u pour allier fonctionnalit\u00e9, confort et esth\u00e9tique. Lieu : Rennes\u2026","_links":{"self":[{"href":"https:\/\/joyinterieur.com\/index.php?rest_route=\/wp\/v2\/pages\/4135"}],"collection":[{"href":"https:\/\/joyinterieur.com\/index.php?rest_route=\/wp\/v2\/pages"}],"about":[{"href":"https:\/\/joyinterieur.com\/index.php?rest_route=\/wp\/v2\/types\/page"}],"author":[{"embeddable":true,"href":"https:\/\/joyinterieur.com\/index.php?rest_route=\/wp\/v2\/users\/2"}],"replies":[{"embeddable":true,"href":"https:\/\/joyinterieur.com\/index.php?rest_route=%2Fwp%2Fv2%2Fcomments&post=4135"}],"version-history":[{"count":5,"href":"https:\/\/joyinterieur.com\/index.php?rest_route=\/wp\/v2\/pages\/4135\/revisions"}],"predecessor-version":[{"id":4199,"href":"https:\/\/joyinterieur.com\/index.php?rest_route=\/wp\/v2\/pages\/4135\/revisions\/4199"}],"wp:attachment":[{"href":"https:\/\/joyinterieur.com\/index.php?rest_route=%2Fwp%2Fv2%2Fmedia&parent=4135"}],"curies":[{"name":"wp","href":"https:\/\/api.w.org\/{rel}","templated":true}]}}