{"id":3226,"date":"2024-07-01T11:25:48","date_gmt":"2024-07-01T09:25:48","guid":{"rendered":"https:\/\/joyinterieur.com\/?page_id=3226"},"modified":"2024-07-10T16:33:24","modified_gmt":"2024-07-10T14:33:24","slug":"biomerieux","status":"publish","type":"page","link":"https:\/\/joyinterieur.com\/?page_id=3226","title":{"rendered":"BioMerieux"},"content":{"rendered":"\t\t<div data-elementor-type=\"wp-page\" data-elementor-id=\"3226\" class=\"elementor elementor-3226\">\n\t\t\t\t<div class=\"elementor-element elementor-element-002afa9 e-con-full e-flex e-con e-parent\" data-id=\"002afa9\" data-element_type=\"container\" data-settings=\"{&quot;background_background&quot;:&quot;classic&quot;}\">\n\t\t\t\t<\/div>\n\t\t<div class=\"elementor-element elementor-element-4de7571 e-flex e-con-boxed e-con e-parent\" data-id=\"4de7571\" data-element_type=\"container\">\n\t\t\t\t\t<div class=\"e-con-inner\">\n\t\t<div class=\"elementor-element elementor-element-4575cf7 e-con-full e-flex e-con e-child\" data-id=\"4575cf7\" data-element_type=\"container\">\n\t\t\t\t<div class=\"elementor-element elementor-element-d26d33d elementor-widget elementor-widget-heading\" data-id=\"d26d33d\" data-element_type=\"widget\" data-widget_type=\"heading.default\">\n\t\t\t\t<div class=\"elementor-widget-container\">\n\t\t\t\t\t<h2 class=\"elementor-heading-title elementor-size-default\">Bureaux BioM\u00e9rieux<\/h2>\t\t\t\t<\/div>\n\t\t\t\t<\/div>\n\t\t\t\t<div class=\"elementor-element elementor-element-58ddae6 elementor-widget__width-initial elementor-widget elementor-widget-text-editor\" data-id=\"58ddae6\" data-element_type=\"widget\" data-widget_type=\"text-editor.default\">\n\t\t\t\t<div class=\"elementor-widget-container\">\n\t\t\t\t\t\t\t\t\t<p>Suite \u00e0 la construction d\u2019une extension du si\u00e8ge Biom\u00e9rieux \u00e0 Combourg, nous avons cr\u00e9\u00e9 les espaces int\u00e9rieurs. Con\u00e7u en 2022, ce projet avait pour but d\u2019apporter des lieux de vie et de d\u00e9tente tels qu\u2019une caf\u00e9t\u00e9ria, un meeting point, des salles de r\u00e9union, des call box.<\/p>\n<p>Il \u00e9tait surtout question d\u2019espaces de travail, c\u2019est pourquoi nous avons pens\u00e9 \u00e0 plusieurs types de bureaux en flex office, open office, bureaux ferm\u00e9s afin de r\u00e9pondre \u00e0 tous types d\u2019usages et aux nouveaux modes de travail.<\/p>\n<p><\/p>\t\t\t\t\t\t\t\t<\/div>\n\t\t\t\t<\/div>\n\t\t\t\t<div class=\"elementor-element elementor-element-0638a0b elementor-widget__width-initial elementor-widget elementor-widget-text-editor\" data-id=\"0638a0b\" data-element_type=\"widget\" data-widget_type=\"text-editor.default\">\n\t\t\t\t<div class=\"elementor-widget-container\">\n\t\t\t\t\t\t\t\t\t<p>Lieu : <strong>Combourg<\/strong><\/p><p>Ann\u00e9e : <strong>2022<\/strong><\/p><p>Superficie :<strong>\u00a0850m\u00b2<\/strong><\/p><p>Type :<strong> Bureaux<\/strong><\/p>\t\t\t\t\t\t\t\t<\/div>\n\t\t\t\t<\/div>\n\t\t\t\t<\/div>\n\t\t<div class=\"elementor-element elementor-element-ec94afc e-con-full e-flex e-con e-child\" data-id=\"ec94afc\" data-element_type=\"container\">\n\t\t\t\t<div class=\"elementor-element elementor-element-56d52d9 elementor-widget__width-initial elementor-widget elementor-widget-image\" data-id=\"56d52d9\" data-element_type=\"widget\" data-widget_type=\"image.default\">\n\t\t\t\t<div class=\"elementor-widget-container\">\n\t\t\t\t\t\t\t\t\t\t\t\t\t\t\t<img fetchpriority=\"high\" decoding=\"async\" width=\"768\" height=\"511\" src=\"https:\/\/joyinterieur.com\/wp-content\/uploads\/2024\/07\/joydesign-interieur-bureaux-open-space-768x511.jpg\" class=\"attachment-medium_large size-medium_large wp-image-3446\" alt=\"Open space dans les tr\u00e8s grands bureaux de BioM\u00e9rieux, con\u00e7u par JoyDesign Int\u00e9rieur, avec des postes de travail modernes et des cloisons vitr\u00e9es.\" srcset=\"https:\/\/joyinterieur.com\/wp-content\/uploads\/2024\/07\/joydesign-interieur-bureaux-open-space-768x511.jpg 768w, https:\/\/joyinterieur.com\/wp-content\/uploads\/2024\/07\/joydesign-interieur-bureaux-open-space-300x200.jpg 300w, https:\/\/joyinterieur.com\/wp-content\/uploads\/2024\/07\/joydesign-interieur-bureaux-open-space-1024x681.jpg 1024w, https:\/\/joyinterieur.com\/wp-content\/uploads\/2024\/07\/joydesign-interieur-bureaux-open-space-1536x1022.jpg 1536w, https:\/\/joyinterieur.com\/wp-content\/uploads\/2024\/07\/joydesign-interieur-bureaux-open-space.jpg 1900w\" sizes=\"(max-width: 768px) 100vw, 768px\" \/>\t\t\t\t\t\t\t\t\t\t\t\t\t\t\t<\/div>\n\t\t\t\t<\/div>\n\t\t\t\t<\/div>\n\t\t\t\t\t<\/div>\n\t\t\t\t<\/div>\n\t\t<div class=\"elementor-element elementor-element-e97caf5 e-flex e-con-boxed e-con e-parent\" data-id=\"e97caf5\" data-element_type=\"container\">\n\t\t\t\t\t<div class=\"e-con-inner\">\n\t\t<div class=\"elementor-element elementor-element-fa0898e e-con-full e-flex e-con e-child\" data-id=\"fa0898e\" data-element_type=\"container\">\n\t\t\t\t<div class=\"elementor-element elementor-element-2d49b96 elementor-widget elementor-widget-image\" data-id=\"2d49b96\" data-element_type=\"widget\" data-widget_type=\"image.default\">\n\t\t\t\t<div class=\"elementor-widget-container\">\n\t\t\t\t\t\t\t\t\t\t\t\t\t\t\t<img decoding=\"async\" width=\"768\" height=\"511\" src=\"https:\/\/joyinterieur.com\/wp-content\/uploads\/2024\/07\/joydesign-interieur-bureaux-cafeteria-768x511.jpg\" class=\"attachment-medium_large size-medium_large wp-image-3449\" alt=\"Grand espace de bureaux avec une caf\u00e9t\u00e9ria moderne, cr\u00e9\u00e9 pour BioM\u00e9rieux par JoyDesign Int\u00e9rieur.\" srcset=\"https:\/\/joyinterieur.com\/wp-content\/uploads\/2024\/07\/joydesign-interieur-bureaux-cafeteria-768x511.jpg 768w, https:\/\/joyinterieur.com\/wp-content\/uploads\/2024\/07\/joydesign-interieur-bureaux-cafeteria-300x200.jpg 300w, https:\/\/joyinterieur.com\/wp-content\/uploads\/2024\/07\/joydesign-interieur-bureaux-cafeteria-1024x681.jpg 1024w, https:\/\/joyinterieur.com\/wp-content\/uploads\/2024\/07\/joydesign-interieur-bureaux-cafeteria-1536x1022.jpg 1536w, https:\/\/joyinterieur.com\/wp-content\/uploads\/2024\/07\/joydesign-interieur-bureaux-cafeteria.jpg 1900w\" sizes=\"(max-width: 768px) 100vw, 768px\" \/>\t\t\t\t\t\t\t\t\t\t\t\t\t\t\t<\/div>\n\t\t\t\t<\/div>\n\t\t\t\t<\/div>\n\t\t<div class=\"elementor-element elementor-element-82f3712 e-con-full e-flex e-con e-child\" data-id=\"82f3712\" data-element_type=\"container\">\n\t\t\t\t<div class=\"elementor-element elementor-element-b3e8ce6 elementor-widget elementor-widget-image\" data-id=\"b3e8ce6\" data-element_type=\"widget\" data-widget_type=\"image.default\">\n\t\t\t\t<div class=\"elementor-widget-container\">\n\t\t\t\t\t\t\t\t\t\t\t\t\t\t\t<img decoding=\"async\" width=\"768\" height=\"511\" src=\"https:\/\/joyinterieur.com\/wp-content\/uploads\/2024\/07\/joydesign-interieur-bureaux-exterieur-768x511.jpg\" class=\"attachment-medium_large size-medium_large wp-image-3445\" alt=\"Fa\u00e7ade des tr\u00e8s grands bureaux de BioM\u00e9rieux, con\u00e7ue par JoyDesign Int\u00e9rieur, lors de l&#039;inauguration.\" srcset=\"https:\/\/joyinterieur.com\/wp-content\/uploads\/2024\/07\/joydesign-interieur-bureaux-exterieur-768x511.jpg 768w, https:\/\/joyinterieur.com\/wp-content\/uploads\/2024\/07\/joydesign-interieur-bureaux-exterieur-300x200.jpg 300w, https:\/\/joyinterieur.com\/wp-content\/uploads\/2024\/07\/joydesign-interieur-bureaux-exterieur-1024x681.jpg 1024w, https:\/\/joyinterieur.com\/wp-content\/uploads\/2024\/07\/joydesign-interieur-bureaux-exterieur-1536x1022.jpg 1536w, https:\/\/joyinterieur.com\/wp-content\/uploads\/2024\/07\/joydesign-interieur-bureaux-exterieur.jpg 1900w\" sizes=\"(max-width: 768px) 100vw, 768px\" \/>\t\t\t\t\t\t\t\t\t\t\t\t\t\t\t<\/div>\n\t\t\t\t<\/div>\n\t\t\t\t<\/div>\n\t\t\t\t\t<\/div>\n\t\t\t\t<\/div>\n\t\t<div class=\"elementor-element elementor-element-14936ee e-flex e-con-boxed e-con e-parent\" data-id=\"14936ee\" data-element_type=\"container\">\n\t\t\t\t\t<div class=\"e-con-inner\">\n\t\t<div class=\"elementor-element elementor-element-f158f4c e-con-full e-flex e-con e-child\" data-id=\"f158f4c\" data-element_type=\"container\">\n\t\t\t\t<div class=\"elementor-element elementor-element-223bd95 elementor-widget elementor-widget-image\" data-id=\"223bd95\" data-element_type=\"widget\" data-widget_type=\"image.default\">\n\t\t\t\t<div class=\"elementor-widget-container\">\n\t\t\t\t\t\t\t\t\t\t\t\t\t\t\t<img loading=\"lazy\" decoding=\"async\" width=\"1024\" height=\"681\" src=\"https:\/\/joyinterieur.com\/wp-content\/uploads\/2024\/07\/joydesign-interieur-bureaux-detente-1024x681.jpg\" class=\"attachment-large size-large wp-image-3444\" alt=\"Coin d\u00e9tente dans les grands bureaux de BioM\u00e9rieux, con\u00e7u par JoyDesign Int\u00e9rieur, avec des si\u00e8ges modulaires et des accents color\u00e9s.\" srcset=\"https:\/\/joyinterieur.com\/wp-content\/uploads\/2024\/07\/joydesign-interieur-bureaux-detente-1024x681.jpg 1024w, https:\/\/joyinterieur.com\/wp-content\/uploads\/2024\/07\/joydesign-interieur-bureaux-detente-300x200.jpg 300w, https:\/\/joyinterieur.com\/wp-content\/uploads\/2024\/07\/joydesign-interieur-bureaux-detente-768x511.jpg 768w, https:\/\/joyinterieur.com\/wp-content\/uploads\/2024\/07\/joydesign-interieur-bureaux-detente-1536x1022.jpg 1536w, https:\/\/joyinterieur.com\/wp-content\/uploads\/2024\/07\/joydesign-interieur-bureaux-detente.jpg 1900w\" sizes=\"(max-width: 1024px) 100vw, 1024px\" \/>\t\t\t\t\t\t\t\t\t\t\t\t\t\t\t<\/div>\n\t\t\t\t<\/div>\n\t\t\t\t<\/div>\n\t\t<div class=\"elementor-element elementor-element-d8c9368 e-con-full e-flex e-con e-child\" data-id=\"d8c9368\" data-element_type=\"container\">\n\t\t\t\t<div class=\"elementor-element elementor-element-c8ceed3 elementor-widget elementor-widget-image\" data-id=\"c8ceed3\" data-element_type=\"widget\" data-widget_type=\"image.default\">\n\t\t\t\t<div class=\"elementor-widget-container\">\n\t\t\t\t\t\t\t\t\t\t\t\t\t\t\t<img loading=\"lazy\" decoding=\"async\" width=\"768\" height=\"1154\" src=\"https:\/\/joyinterieur.com\/wp-content\/uploads\/2024\/07\/joydesign-interieur-bureaux-vegetation-768x1154.jpg\" class=\"attachment-medium_large size-medium_large wp-image-3447\" alt=\"Coin d\u00e9tente avec v\u00e9g\u00e9tation int\u00e9rieure dans les tr\u00e8s grands bureaux de BioM\u00e9rieux, con\u00e7u par JoyDesign Int\u00e9rieur.\" srcset=\"https:\/\/joyinterieur.com\/wp-content\/uploads\/2024\/07\/joydesign-interieur-bureaux-vegetation-768x1154.jpg 768w, https:\/\/joyinterieur.com\/wp-content\/uploads\/2024\/07\/joydesign-interieur-bureaux-vegetation-200x300.jpg 200w, https:\/\/joyinterieur.com\/wp-content\/uploads\/2024\/07\/joydesign-interieur-bureaux-vegetation-681x1024.jpg 681w, https:\/\/joyinterieur.com\/wp-content\/uploads\/2024\/07\/joydesign-interieur-bureaux-vegetation-1022x1536.jpg 1022w, https:\/\/joyinterieur.com\/wp-content\/uploads\/2024\/07\/joydesign-interieur-bureaux-vegetation-1362x2048.jpg 1362w, https:\/\/joyinterieur.com\/wp-content\/uploads\/2024\/07\/joydesign-interieur-bureaux-vegetation-scaled.jpg 1703w\" sizes=\"(max-width: 768px) 100vw, 768px\" \/>\t\t\t\t\t\t\t\t\t\t\t\t\t\t\t<\/div>\n\t\t\t\t<\/div>\n\t\t\t\t<\/div>\n\t\t\t\t\t<\/div>\n\t\t\t\t<\/div>\n\t\t\t\t<\/div>\n\t\t","protected":false},"excerpt":{"rendered":"<p>Bureaux BioM\u00e9rieux Suite \u00e0 la construction d\u2019une extension du si\u00e8ge Biom\u00e9rieux \u00e0 Combourg, nous avons cr\u00e9\u00e9 les espaces int\u00e9rieurs. Con\u00e7u en 2022, ce projet avait pour but d\u2019apporter des lieux de vie et de d\u00e9tente tels qu\u2019une caf\u00e9t\u00e9ria, un meeting point, des salles de r\u00e9union, des call box. Il \u00e9tait surtout question d\u2019espaces de travail, [&hellip;]<\/p>\n","protected":false},"author":2,"featured_media":0,"parent":0,"menu_order":0,"comment_status":"closed","ping_status":"closed","template":"","meta":{"_acf_changed":false,"_uag_custom_page_level_css":"","ocean_post_layout":"","ocean_both_sidebars_style":"","ocean_both_sidebars_content_width":0,"ocean_both_sidebars_sidebars_width":0,"ocean_sidebar":"","ocean_second_sidebar":"","ocean_disable_margins":"enable","ocean_add_body_class":"","ocean_shortcode_before_top_bar":"","ocean_shortcode_after_top_bar":"","ocean_shortcode_before_header":"","ocean_shortcode_after_header":"","ocean_has_shortcode":"","ocean_shortcode_after_title":"","ocean_shortcode_before_footer_widgets":"","ocean_shortcode_after_footer_widgets":"","ocean_shortcode_before_footer_bottom":"","ocean_shortcode_after_footer_bottom":"","ocean_display_top_bar":"default","ocean_display_header":"default","ocean_header_style":"","ocean_center_header_left_menu":"","ocean_custom_header_template":"","ocean_custom_logo":0,"ocean_custom_retina_logo":0,"ocean_custom_logo_max_width":0,"ocean_custom_logo_tablet_max_width":0,"ocean_custom_logo_mobile_max_width":0,"ocean_custom_logo_max_height":0,"ocean_custom_logo_tablet_max_height":0,"ocean_custom_logo_mobile_max_height":0,"ocean_header_custom_menu":"","ocean_menu_typo_font_family":"","ocean_menu_typo_font_subset":"","ocean_menu_typo_font_size":0,"ocean_menu_typo_font_size_tablet":0,"ocean_menu_typo_font_size_mobile":0,"ocean_menu_typo_font_size_unit":"px","ocean_menu_typo_font_weight":"","ocean_menu_typo_font_weight_tablet":"","ocean_menu_typo_font_weight_mobile":"","ocean_menu_typo_transform":"","ocean_menu_typo_transform_tablet":"","ocean_menu_typo_transform_mobile":"","ocean_menu_typo_line_height":0,"ocean_menu_typo_line_height_tablet":0,"ocean_menu_typo_line_height_mobile":0,"ocean_menu_typo_line_height_unit":"","ocean_menu_typo_spacing":0,"ocean_menu_typo_spacing_tablet":0,"ocean_menu_typo_spacing_mobile":0,"ocean_menu_typo_spacing_unit":"","ocean_menu_link_color":"","ocean_menu_link_color_hover":"","ocean_menu_link_color_active":"","ocean_menu_link_background":"","ocean_menu_link_hover_background":"","ocean_menu_link_active_background":"","ocean_menu_social_links_bg":"","ocean_menu_social_hover_links_bg":"","ocean_menu_social_links_color":"","ocean_menu_social_hover_links_color":"","ocean_disable_title":"default","ocean_disable_heading":"default","ocean_post_title":"","ocean_post_subheading":"","ocean_post_title_style":"","ocean_post_title_background_color":"","ocean_post_title_background":0,"ocean_post_title_bg_image_position":"","ocean_post_title_bg_image_attachment":"","ocean_post_title_bg_image_repeat":"","ocean_post_title_bg_image_size":"","ocean_post_title_height":0,"ocean_post_title_bg_overlay":0.5,"ocean_post_title_bg_overlay_color":"","ocean_disable_breadcrumbs":"default","ocean_breadcrumbs_color":"","ocean_breadcrumbs_separator_color":"","ocean_breadcrumbs_links_color":"","ocean_breadcrumbs_links_hover_color":"","ocean_display_footer_widgets":"default","ocean_display_footer_bottom":"default","ocean_custom_footer_template":"","footnotes":""},"acf":[],"yoast_head":"<!-- This site is optimized with the Yoast SEO plugin v22.9 - https:\/\/yoast.com\/wordpress\/plugins\/seo\/ -->\n<title>BioMerieux - Joydesign int\u00e9rieur<\/title>\n<meta name=\"robots\" content=\"index, follow, max-snippet:-1, max-image-preview:large, max-video-preview:-1\" \/>\n<link rel=\"canonical\" href=\"https:\/\/joyinterieur.com\/?page_id=3226\" \/>\n<meta property=\"og:locale\" content=\"fr_FR\" \/>\n<meta property=\"og:type\" content=\"article\" \/>\n<meta property=\"og:title\" content=\"BioMerieux - Joydesign int\u00e9rieur\" \/>\n<meta property=\"og:description\" content=\"Bureaux BioM\u00e9rieux Suite \u00e0 la construction d\u2019une extension du si\u00e8ge Biom\u00e9rieux \u00e0 Combourg, nous avons cr\u00e9\u00e9 les espaces int\u00e9rieurs. Con\u00e7u en 2022, ce projet avait pour but d\u2019apporter des lieux de vie et de d\u00e9tente tels qu\u2019une caf\u00e9t\u00e9ria, un meeting point, des salles de r\u00e9union, des call box. Il \u00e9tait surtout question d\u2019espaces de travail, [&hellip;]\" \/>\n<meta property=\"og:url\" content=\"https:\/\/joyinterieur.com\/?page_id=3226\" \/>\n<meta property=\"og:site_name\" content=\"Joydesign int\u00e9rieur\" \/>\n<meta property=\"article:modified_time\" content=\"2024-07-10T14:33:24+00:00\" \/>\n<meta property=\"og:image\" content=\"https:\/\/joyinterieur.com\/wp-content\/uploads\/2024\/07\/joydesign-interieur-bureaux-open-space-768x511.jpg\" \/>\n<meta name=\"twitter:card\" content=\"summary_large_image\" \/>\n<meta name=\"twitter:label1\" content=\"Dur\u00e9e de lecture estim\u00e9e\" \/>\n\t<meta name=\"twitter:data1\" content=\"2 minutes\" \/>\n<script type=\"application\/ld+json\" class=\"yoast-schema-graph\">{\"@context\":\"https:\/\/schema.org\",\"@graph\":[{\"@type\":\"WebPage\",\"@id\":\"https:\/\/joyinterieur.com\/?page_id=3226\",\"url\":\"https:\/\/joyinterieur.com\/?page_id=3226\",\"name\":\"BioMerieux - Joydesign int\u00e9rieur\",\"isPartOf\":{\"@id\":\"https:\/\/joyinterieur.com\/#website\"},\"primaryImageOfPage\":{\"@id\":\"https:\/\/joyinterieur.com\/?page_id=3226#primaryimage\"},\"image\":{\"@id\":\"https:\/\/joyinterieur.com\/?page_id=3226#primaryimage\"},\"thumbnailUrl\":\"https:\/\/joyinterieur.com\/wp-content\/uploads\/2024\/07\/joydesign-interieur-bureaux-open-space-768x511.jpg\",\"datePublished\":\"2024-07-01T09:25:48+00:00\",\"dateModified\":\"2024-07-10T14:33:24+00:00\",\"breadcrumb\":{\"@id\":\"https:\/\/joyinterieur.com\/?page_id=3226#breadcrumb\"},\"inLanguage\":\"fr-FR\",\"potentialAction\":[{\"@type\":\"ReadAction\",\"target\":[\"https:\/\/joyinterieur.com\/?page_id=3226\"]}]},{\"@type\":\"ImageObject\",\"inLanguage\":\"fr-FR\",\"@id\":\"https:\/\/joyinterieur.com\/?page_id=3226#primaryimage\",\"url\":\"https:\/\/joyinterieur.com\/wp-content\/uploads\/2024\/07\/joydesign-interieur-bureaux-open-space.jpg\",\"contentUrl\":\"https:\/\/joyinterieur.com\/wp-content\/uploads\/2024\/07\/joydesign-interieur-bureaux-open-space.jpg\",\"width\":1900,\"height\":1264,\"caption\":\"Open space dans les tr\u00e8s grands bureaux de BioM\u00e9rieux, con\u00e7u par JoyDesign Int\u00e9rieur - Un projet de grande envergure avec des postes de travail modernes et des cloisons vitr\u00e9es.\"},{\"@type\":\"BreadcrumbList\",\"@id\":\"https:\/\/joyinterieur.com\/?page_id=3226#breadcrumb\",\"itemListElement\":[{\"@type\":\"ListItem\",\"position\":1,\"name\":\"Accueil\",\"item\":\"https:\/\/joyinterieur.com\/\"},{\"@type\":\"ListItem\",\"position\":2,\"name\":\"BioMerieux\"}]},{\"@type\":\"WebSite\",\"@id\":\"https:\/\/joyinterieur.com\/#website\",\"url\":\"https:\/\/joyinterieur.com\/\",\"name\":\"Joydesign int\u00e9rieur\",\"description\":\"\",\"publisher\":{\"@id\":\"https:\/\/joyinterieur.com\/#organization\"},\"alternateName\":\"Joydesign int\u00e9rieur\",\"potentialAction\":[{\"@type\":\"SearchAction\",\"target\":{\"@type\":\"EntryPoint\",\"urlTemplate\":\"https:\/\/joyinterieur.com\/?s={search_term_string}\"},\"query-input\":\"required name=search_term_string\"}],\"inLanguage\":\"fr-FR\"},{\"@type\":\"Organization\",\"@id\":\"https:\/\/joyinterieur.com\/#organization\",\"name\":\"Joydesign interieur\",\"alternateName\":\"Joydesign interieur\",\"url\":\"https:\/\/joyinterieur.com\/\",\"logo\":{\"@type\":\"ImageObject\",\"inLanguage\":\"fr-FR\",\"@id\":\"https:\/\/joyinterieur.com\/#\/schema\/logo\/image\/\",\"url\":\"https:\/\/joyinterieur.com\/wp-content\/uploads\/2024\/06\/LOGO_NOIR.png\",\"contentUrl\":\"https:\/\/joyinterieur.com\/wp-content\/uploads\/2024\/06\/LOGO_NOIR.png\",\"width\":1900,\"height\":682,\"caption\":\"Joydesign interieur\"},\"image\":{\"@id\":\"https:\/\/joyinterieur.com\/#\/schema\/logo\/image\/\"},\"sameAs\":[\"https:\/\/www.instagram.com\/joydesigninterieur\/\",\"https:\/\/www.linkedin.com\/company\/joydesigninterieur\/?viewAsMember=true\"]}]}<\/script>\n<!-- \/ Yoast SEO plugin. -->","yoast_head_json":{"title":"BioMerieux - Joydesign int\u00e9rieur","robots":{"index":"index","follow":"follow","max-snippet":"max-snippet:-1","max-image-preview":"max-image-preview:large","max-video-preview":"max-video-preview:-1"},"canonical":"https:\/\/joyinterieur.com\/?page_id=3226","og_locale":"fr_FR","og_type":"article","og_title":"BioMerieux - Joydesign int\u00e9rieur","og_description":"Bureaux BioM\u00e9rieux Suite \u00e0 la construction d\u2019une extension du si\u00e8ge Biom\u00e9rieux \u00e0 Combourg, nous avons cr\u00e9\u00e9 les espaces int\u00e9rieurs. Con\u00e7u en 2022, ce projet avait pour but d\u2019apporter des lieux de vie et de d\u00e9tente tels qu\u2019une caf\u00e9t\u00e9ria, un meeting point, des salles de r\u00e9union, des call box. Il \u00e9tait surtout question d\u2019espaces de travail, [&hellip;]","og_url":"https:\/\/joyinterieur.com\/?page_id=3226","og_site_name":"Joydesign int\u00e9rieur","article_modified_time":"2024-07-10T14:33:24+00:00","og_image":[{"url":"https:\/\/joyinterieur.com\/wp-content\/uploads\/2024\/07\/joydesign-interieur-bureaux-open-space-768x511.jpg"}],"twitter_card":"summary_large_image","twitter_misc":{"Dur\u00e9e de lecture estim\u00e9e":"2 minutes"},"schema":{"@context":"https:\/\/schema.org","@graph":[{"@type":"WebPage","@id":"https:\/\/joyinterieur.com\/?page_id=3226","url":"https:\/\/joyinterieur.com\/?page_id=3226","name":"BioMerieux - Joydesign int\u00e9rieur","isPartOf":{"@id":"https:\/\/joyinterieur.com\/#website"},"primaryImageOfPage":{"@id":"https:\/\/joyinterieur.com\/?page_id=3226#primaryimage"},"image":{"@id":"https:\/\/joyinterieur.com\/?page_id=3226#primaryimage"},"thumbnailUrl":"https:\/\/joyinterieur.com\/wp-content\/uploads\/2024\/07\/joydesign-interieur-bureaux-open-space-768x511.jpg","datePublished":"2024-07-01T09:25:48+00:00","dateModified":"2024-07-10T14:33:24+00:00","breadcrumb":{"@id":"https:\/\/joyinterieur.com\/?page_id=3226#breadcrumb"},"inLanguage":"fr-FR","potentialAction":[{"@type":"ReadAction","target":["https:\/\/joyinterieur.com\/?page_id=3226"]}]},{"@type":"ImageObject","inLanguage":"fr-FR","@id":"https:\/\/joyinterieur.com\/?page_id=3226#primaryimage","url":"https:\/\/joyinterieur.com\/wp-content\/uploads\/2024\/07\/joydesign-interieur-bureaux-open-space.jpg","contentUrl":"https:\/\/joyinterieur.com\/wp-content\/uploads\/2024\/07\/joydesign-interieur-bureaux-open-space.jpg","width":1900,"height":1264,"caption":"Open space dans les tr\u00e8s grands bureaux de BioM\u00e9rieux, con\u00e7u par JoyDesign Int\u00e9rieur - Un projet de grande envergure avec des postes de travail modernes et des cloisons vitr\u00e9es."},{"@type":"BreadcrumbList","@id":"https:\/\/joyinterieur.com\/?page_id=3226#breadcrumb","itemListElement":[{"@type":"ListItem","position":1,"name":"Accueil","item":"https:\/\/joyinterieur.com\/"},{"@type":"ListItem","position":2,"name":"BioMerieux"}]},{"@type":"WebSite","@id":"https:\/\/joyinterieur.com\/#website","url":"https:\/\/joyinterieur.com\/","name":"Joydesign int\u00e9rieur","description":"","publisher":{"@id":"https:\/\/joyinterieur.com\/#organization"},"alternateName":"Joydesign int\u00e9rieur","potentialAction":[{"@type":"SearchAction","target":{"@type":"EntryPoint","urlTemplate":"https:\/\/joyinterieur.com\/?s={search_term_string}"},"query-input":"required name=search_term_string"}],"inLanguage":"fr-FR"},{"@type":"Organization","@id":"https:\/\/joyinterieur.com\/#organization","name":"Joydesign interieur","alternateName":"Joydesign interieur","url":"https:\/\/joyinterieur.com\/","logo":{"@type":"ImageObject","inLanguage":"fr-FR","@id":"https:\/\/joyinterieur.com\/#\/schema\/logo\/image\/","url":"https:\/\/joyinterieur.com\/wp-content\/uploads\/2024\/06\/LOGO_NOIR.png","contentUrl":"https:\/\/joyinterieur.com\/wp-content\/uploads\/2024\/06\/LOGO_NOIR.png","width":1900,"height":682,"caption":"Joydesign interieur"},"image":{"@id":"https:\/\/joyinterieur.com\/#\/schema\/logo\/image\/"},"sameAs":["https:\/\/www.instagram.com\/joydesigninterieur\/","https:\/\/www.linkedin.com\/company\/joydesigninterieur\/?viewAsMember=true"]}]}},"uagb_featured_image_src":{"full":false,"thumbnail":false,"medium":false,"medium_large":false,"large":false,"1536x1536":false,"2048x2048":false,"ocean-thumb-m":false,"ocean-thumb-ml":false,"ocean-thumb-l":false},"uagb_author_info":{"display_name":"marie","author_link":"https:\/\/joyinterieur.com\/?author=2"},"uagb_comment_info":0,"uagb_excerpt":"Bureaux BioM\u00e9rieux Suite \u00e0 la construction d\u2019une extension du si\u00e8ge Biom\u00e9rieux \u00e0 Combourg, nous avons cr\u00e9\u00e9 les espaces int\u00e9rieurs. Con\u00e7u en 2022, ce projet avait pour but d\u2019apporter des lieux de vie et de d\u00e9tente tels qu\u2019une caf\u00e9t\u00e9ria, un meeting point, des salles de r\u00e9union, des call box. Il \u00e9tait surtout question d\u2019espaces de travail,\u2026","_links":{"self":[{"href":"https:\/\/joyinterieur.com\/index.php?rest_route=\/wp\/v2\/pages\/3226"}],"collection":[{"href":"https:\/\/joyinterieur.com\/index.php?rest_route=\/wp\/v2\/pages"}],"about":[{"href":"https:\/\/joyinterieur.com\/index.php?rest_route=\/wp\/v2\/types\/page"}],"author":[{"embeddable":true,"href":"https:\/\/joyinterieur.com\/index.php?rest_route=\/wp\/v2\/users\/2"}],"replies":[{"embeddable":true,"href":"https:\/\/joyinterieur.com\/index.php?rest_route=%2Fwp%2Fv2%2Fcomments&post=3226"}],"version-history":[{"count":16,"href":"https:\/\/joyinterieur.com\/index.php?rest_route=\/wp\/v2\/pages\/3226\/revisions"}],"predecessor-version":[{"id":3949,"href":"https:\/\/joyinterieur.com\/index.php?rest_route=\/wp\/v2\/pages\/3226\/revisions\/3949"}],"wp:attachment":[{"href":"https:\/\/joyinterieur.com\/index.php?rest_route=%2Fwp%2Fv2%2Fmedia&parent=3226"}],"curies":[{"name":"wp","href":"https:\/\/api.w.org\/{rel}","templated":true}]}}