{"id":2984,"date":"2024-06-26T17:27:17","date_gmt":"2024-06-26T15:27:17","guid":{"rendered":"https:\/\/joyinterieur.com\/?page_id=2984"},"modified":"2024-07-30T16:52:23","modified_gmt":"2024-07-30T14:52:23","slug":"residentiel-prestige","status":"publish","type":"page","link":"https:\/\/joyinterieur.com\/?page_id=2984","title":{"rendered":"R\u00e9sidentiel"},"content":{"rendered":"\t\t<div data-elementor-type=\"wp-page\" data-elementor-id=\"2984\" class=\"elementor elementor-2984\">\n\t\t\t\t<div class=\"elementor-element elementor-element-4736c49 e-flex e-con-boxed e-con e-parent\" data-id=\"4736c49\" data-element_type=\"container\">\n\t\t\t\t\t<div class=\"e-con-inner\">\n\t\t<div class=\"elementor-element elementor-element-aa2104a e-con-full e-flex e-con e-child\" data-id=\"aa2104a\" data-element_type=\"container\">\n\t\t<div class=\"elementor-element elementor-element-010287d e-con-full e-flex e-con e-child\" data-id=\"010287d\" data-element_type=\"container\">\n\t\t\t\t<div class=\"elementor-element elementor-element-4d3f99c elementor-widget elementor-widget-image\" data-id=\"4d3f99c\" data-element_type=\"widget\" data-widget_type=\"image.default\">\n\t\t\t\t<div class=\"elementor-widget-container\">\n\t\t\t\t\t\t\t\t\t\t\t\t<figure class=\"wp-caption\">\n\t\t\t\t\t\t\t\t\t\t\t<a href=\"https:\/\/joyinterieur.com\/?page_id=3864\">\n\t\t\t\t\t\t\t<img fetchpriority=\"high\" decoding=\"async\" width=\"1024\" height=\"871\" src=\"https:\/\/joyinterieur.com\/wp-content\/uploads\/2024\/07\/joydesign-interieur-maison-dinard-sejour-1024x871.jpg\" class=\"attachment-large size-large wp-image-3662\" alt=\"Salle \u00e0 manger luxueuse avec vue sur la piscine dans une maison mitoyenne.\" srcset=\"https:\/\/joyinterieur.com\/wp-content\/uploads\/2024\/07\/joydesign-interieur-maison-dinard-sejour-1024x871.jpg 1024w, https:\/\/joyinterieur.com\/wp-content\/uploads\/2024\/07\/joydesign-interieur-maison-dinard-sejour-300x255.jpg 300w, https:\/\/joyinterieur.com\/wp-content\/uploads\/2024\/07\/joydesign-interieur-maison-dinard-sejour-768x653.jpg 768w, https:\/\/joyinterieur.com\/wp-content\/uploads\/2024\/07\/joydesign-interieur-maison-dinard-sejour-1536x1306.jpg 1536w, https:\/\/joyinterieur.com\/wp-content\/uploads\/2024\/07\/joydesign-interieur-maison-dinard-sejour.jpg 1900w\" sizes=\"(max-width: 1024px) 100vw, 1024px\" \/>\t\t\t\t\t\t\t\t<\/a>\n\t\t\t\t\t\t\t\t\t\t\t<figcaption class=\"widget-image-caption wp-caption-text\">MAISON E<\/figcaption>\n\t\t\t\t\t\t\t\t\t\t<\/figure>\n\t\t\t\t\t\t\t\t\t<\/div>\n\t\t\t\t<\/div>\n\t\t\t\t<\/div>\n\t\t<div class=\"elementor-element elementor-element-e6f2f11 e-con-full e-flex e-con e-child\" data-id=\"e6f2f11\" data-element_type=\"container\">\n\t\t\t\t<div class=\"elementor-element elementor-element-7aa9732 elementor-widget elementor-widget-image\" data-id=\"7aa9732\" data-element_type=\"widget\" data-widget_type=\"image.default\">\n\t\t\t\t<div class=\"elementor-widget-container\">\n\t\t\t\t\t\t\t\t\t\t\t\t<figure class=\"wp-caption\">\n\t\t\t\t\t\t\t\t\t\t\t<a href=\"https:\/\/joyinterieur.com\/?page_id=4024\">\n\t\t\t\t\t\t\t<img decoding=\"async\" width=\"1024\" height=\"727\" src=\"https:\/\/joyinterieur.com\/wp-content\/uploads\/2024\/07\/BOITTIN-DCE-INDICE-8-CUISNE-1024x727.jpg\" class=\"attachment-large size-large wp-image-3999\" alt=\"\" srcset=\"https:\/\/joyinterieur.com\/wp-content\/uploads\/2024\/07\/BOITTIN-DCE-INDICE-8-CUISNE-1024x727.jpg 1024w, https:\/\/joyinterieur.com\/wp-content\/uploads\/2024\/07\/BOITTIN-DCE-INDICE-8-CUISNE-300x213.jpg 300w, https:\/\/joyinterieur.com\/wp-content\/uploads\/2024\/07\/BOITTIN-DCE-INDICE-8-CUISNE-768x545.jpg 768w, https:\/\/joyinterieur.com\/wp-content\/uploads\/2024\/07\/BOITTIN-DCE-INDICE-8-CUISNE-1536x1090.jpg 1536w, https:\/\/joyinterieur.com\/wp-content\/uploads\/2024\/07\/BOITTIN-DCE-INDICE-8-CUISNE.jpg 1900w\" sizes=\"(max-width: 1024px) 100vw, 1024px\" \/>\t\t\t\t\t\t\t\t<\/a>\n\t\t\t\t\t\t\t\t\t\t\t<figcaption class=\"widget-image-caption wp-caption-text\">VILLA N<\/figcaption>\n\t\t\t\t\t\t\t\t\t\t<\/figure>\n\t\t\t\t\t\t\t\t\t<\/div>\n\t\t\t\t<\/div>\n\t\t\t\t<\/div>\n\t\t<div class=\"elementor-element elementor-element-46f9ec2 e-con-full e-flex e-con e-child\" data-id=\"46f9ec2\" data-element_type=\"container\">\n\t\t\t\t<div class=\"elementor-element elementor-element-e69fdbe elementor-widget elementor-widget-image\" data-id=\"e69fdbe\" data-element_type=\"widget\" data-widget_type=\"image.default\">\n\t\t\t\t<div class=\"elementor-widget-container\">\n\t\t\t\t\t\t\t\t\t\t\t\t<figure class=\"wp-caption\">\n\t\t\t\t\t\t\t\t\t\t\t<a href=\"https:\/\/joyinterieur.com\/?page_id=3920\">\n\t\t\t\t\t\t\t<img decoding=\"async\" width=\"1024\" height=\"726\" src=\"https:\/\/joyinterieur.com\/wp-content\/uploads\/2024\/07\/LOCKMAN-BIBLIO-TEST-3-1024x726.jpg\" class=\"attachment-large size-large wp-image-4001\" alt=\"\" srcset=\"https:\/\/joyinterieur.com\/wp-content\/uploads\/2024\/07\/LOCKMAN-BIBLIO-TEST-3-1024x726.jpg 1024w, https:\/\/joyinterieur.com\/wp-content\/uploads\/2024\/07\/LOCKMAN-BIBLIO-TEST-3-300x213.jpg 300w, https:\/\/joyinterieur.com\/wp-content\/uploads\/2024\/07\/LOCKMAN-BIBLIO-TEST-3-768x545.jpg 768w, https:\/\/joyinterieur.com\/wp-content\/uploads\/2024\/07\/LOCKMAN-BIBLIO-TEST-3.jpg 1457w\" sizes=\"(max-width: 1024px) 100vw, 1024px\" \/>\t\t\t\t\t\t\t\t<\/a>\n\t\t\t\t\t\t\t\t\t\t\t<figcaption class=\"widget-image-caption wp-caption-text\">APPARTEMENT L<\/figcaption>\n\t\t\t\t\t\t\t\t\t\t<\/figure>\n\t\t\t\t\t\t\t\t\t<\/div>\n\t\t\t\t<\/div>\n\t\t\t\t<\/div>\n\t\t\t\t<\/div>\n\t\t\t\t\t<\/div>\n\t\t\t\t<\/div>\n\t\t<div class=\"elementor-element elementor-element-ab9983b e-flex e-con-boxed e-con e-parent\" data-id=\"ab9983b\" data-element_type=\"container\">\n\t\t\t\t\t<div class=\"e-con-inner\">\n\t\t<div class=\"elementor-element elementor-element-a25b1f7 e-con-full e-flex e-con e-child\" data-id=\"a25b1f7\" data-element_type=\"container\">\n\t\t<div class=\"elementor-element elementor-element-2c0c324 e-con-full e-flex e-con e-child\" data-id=\"2c0c324\" data-element_type=\"container\">\n\t\t\t\t<div class=\"elementor-element elementor-element-dc157aa elementor-widget elementor-widget-image\" data-id=\"dc157aa\" data-element_type=\"widget\" data-widget_type=\"image.default\">\n\t\t\t\t<div class=\"elementor-widget-container\">\n\t\t\t\t\t\t\t\t\t\t\t\t<figure class=\"wp-caption\">\n\t\t\t\t\t\t\t\t\t\t\t<a href=\"https:\/\/joyinterieur.com\/?page_id=4002\">\n\t\t\t\t\t\t\t<img loading=\"lazy\" decoding=\"async\" width=\"1024\" height=\"544\" src=\"https:\/\/joyinterieur.com\/wp-content\/uploads\/2024\/07\/BOITTIN-DCE-INDICE-5-POOLHOUSE-ARCHICAD-27-Image3-1024x544.jpg\" class=\"attachment-large size-large wp-image-4015\" alt=\"\" srcset=\"https:\/\/joyinterieur.com\/wp-content\/uploads\/2024\/07\/BOITTIN-DCE-INDICE-5-POOLHOUSE-ARCHICAD-27-Image3-1024x544.jpg 1024w, https:\/\/joyinterieur.com\/wp-content\/uploads\/2024\/07\/BOITTIN-DCE-INDICE-5-POOLHOUSE-ARCHICAD-27-Image3-300x160.jpg 300w, https:\/\/joyinterieur.com\/wp-content\/uploads\/2024\/07\/BOITTIN-DCE-INDICE-5-POOLHOUSE-ARCHICAD-27-Image3-768x408.jpg 768w, https:\/\/joyinterieur.com\/wp-content\/uploads\/2024\/07\/BOITTIN-DCE-INDICE-5-POOLHOUSE-ARCHICAD-27-Image3-1536x817.jpg 1536w, https:\/\/joyinterieur.com\/wp-content\/uploads\/2024\/07\/BOITTIN-DCE-INDICE-5-POOLHOUSE-ARCHICAD-27-Image3.jpg 1655w\" sizes=\"(max-width: 1024px) 100vw, 1024px\" \/>\t\t\t\t\t\t\t\t<\/a>\n\t\t\t\t\t\t\t\t\t\t\t<figcaption class=\"widget-image-caption wp-caption-text\">POOLHOUSE K<\/figcaption>\n\t\t\t\t\t\t\t\t\t\t<\/figure>\n\t\t\t\t\t\t\t\t\t<\/div>\n\t\t\t\t<\/div>\n\t\t\t\t<\/div>\n\t\t\t\t<\/div>\n\t\t\t\t\t<\/div>\n\t\t\t\t<\/div>\n\t\t\t\t<\/div>\n\t\t","protected":false},"excerpt":{"rendered":"<p>MAISON E VILLA N APPARTEMENT L POOLHOUSE K<\/p>\n","protected":false},"author":2,"featured_media":0,"parent":0,"menu_order":0,"comment_status":"closed","ping_status":"closed","template":"","meta":{"_acf_changed":false,"_uag_custom_page_level_css":"","ocean_post_layout":"","ocean_both_sidebars_style":"","ocean_both_sidebars_content_width":0,"ocean_both_sidebars_sidebars_width":0,"ocean_sidebar":"","ocean_second_sidebar":"","ocean_disable_margins":"enable","ocean_add_body_class":"","ocean_shortcode_before_top_bar":"","ocean_shortcode_after_top_bar":"","ocean_shortcode_before_header":"","ocean_shortcode_after_header":"","ocean_has_shortcode":"","ocean_shortcode_after_title":"","ocean_shortcode_before_footer_widgets":"","ocean_shortcode_after_footer_widgets":"","ocean_shortcode_before_footer_bottom":"","ocean_shortcode_after_footer_bottom":"","ocean_display_top_bar":"default","ocean_display_header":"default","ocean_header_style":"","ocean_center_header_left_menu":"","ocean_custom_header_template":"","ocean_custom_logo":0,"ocean_custom_retina_logo":0,"ocean_custom_logo_max_width":0,"ocean_custom_logo_tablet_max_width":0,"ocean_custom_logo_mobile_max_width":0,"ocean_custom_logo_max_height":0,"ocean_custom_logo_tablet_max_height":0,"ocean_custom_logo_mobile_max_height":0,"ocean_header_custom_menu":"","ocean_menu_typo_font_family":"","ocean_menu_typo_font_subset":"","ocean_menu_typo_font_size":0,"ocean_menu_typo_font_size_tablet":0,"ocean_menu_typo_font_size_mobile":0,"ocean_menu_typo_font_size_unit":"px","ocean_menu_typo_font_weight":"","ocean_menu_typo_font_weight_tablet":"","ocean_menu_typo_font_weight_mobile":"","ocean_menu_typo_transform":"","ocean_menu_typo_transform_tablet":"","ocean_menu_typo_transform_mobile":"","ocean_menu_typo_line_height":0,"ocean_menu_typo_line_height_tablet":0,"ocean_menu_typo_line_height_mobile":0,"ocean_menu_typo_line_height_unit":"","ocean_menu_typo_spacing":0,"ocean_menu_typo_spacing_tablet":0,"ocean_menu_typo_spacing_mobile":0,"ocean_menu_typo_spacing_unit":"","ocean_menu_link_color":"","ocean_menu_link_color_hover":"","ocean_menu_link_color_active":"","ocean_menu_link_background":"","ocean_menu_link_hover_background":"","ocean_menu_link_active_background":"","ocean_menu_social_links_bg":"","ocean_menu_social_hover_links_bg":"","ocean_menu_social_links_color":"","ocean_menu_social_hover_links_color":"","ocean_disable_title":"default","ocean_disable_heading":"default","ocean_post_title":"","ocean_post_subheading":"","ocean_post_title_style":"","ocean_post_title_background_color":"","ocean_post_title_background":0,"ocean_post_title_bg_image_position":"","ocean_post_title_bg_image_attachment":"","ocean_post_title_bg_image_repeat":"","ocean_post_title_bg_image_size":"","ocean_post_title_height":0,"ocean_post_title_bg_overlay":0.5,"ocean_post_title_bg_overlay_color":"","ocean_disable_breadcrumbs":"default","ocean_breadcrumbs_color":"","ocean_breadcrumbs_separator_color":"","ocean_breadcrumbs_links_color":"","ocean_breadcrumbs_links_hover_color":"","ocean_display_footer_widgets":"default","ocean_display_footer_bottom":"default","ocean_custom_footer_template":"","footnotes":""},"acf":[],"yoast_head":"<!-- This site is optimized with the Yoast SEO plugin v22.9 - https:\/\/yoast.com\/wordpress\/plugins\/seo\/ -->\n<title>R\u00e9sidentiel - Joydesign int\u00e9rieur<\/title>\n<meta name=\"robots\" content=\"index, follow, max-snippet:-1, max-image-preview:large, max-video-preview:-1\" \/>\n<link rel=\"canonical\" href=\"https:\/\/joyinterieur.com\/?page_id=2984\" \/>\n<meta property=\"og:locale\" content=\"fr_FR\" \/>\n<meta property=\"og:type\" content=\"article\" \/>\n<meta property=\"og:title\" content=\"R\u00e9sidentiel - Joydesign int\u00e9rieur\" \/>\n<meta property=\"og:description\" content=\"MAISON E VILLA N APPARTEMENT L POOLHOUSE K\" \/>\n<meta property=\"og:url\" content=\"https:\/\/joyinterieur.com\/?page_id=2984\" \/>\n<meta property=\"og:site_name\" content=\"Joydesign int\u00e9rieur\" \/>\n<meta property=\"article:modified_time\" content=\"2024-07-30T14:52:23+00:00\" \/>\n<meta property=\"og:image\" content=\"https:\/\/joyinterieur.com\/wp-content\/uploads\/2024\/07\/joydesign-interieur-maison-dinard-sejour-1024x871.jpg\" \/>\n<meta name=\"twitter:card\" content=\"summary_large_image\" \/>\n<meta name=\"twitter:label1\" content=\"Dur\u00e9e de lecture estim\u00e9e\" \/>\n\t<meta name=\"twitter:data1\" content=\"1 minute\" \/>\n<script type=\"application\/ld+json\" class=\"yoast-schema-graph\">{\"@context\":\"https:\/\/schema.org\",\"@graph\":[{\"@type\":\"WebPage\",\"@id\":\"https:\/\/joyinterieur.com\/?page_id=2984\",\"url\":\"https:\/\/joyinterieur.com\/?page_id=2984\",\"name\":\"R\u00e9sidentiel - Joydesign int\u00e9rieur\",\"isPartOf\":{\"@id\":\"https:\/\/joyinterieur.com\/#website\"},\"primaryImageOfPage\":{\"@id\":\"https:\/\/joyinterieur.com\/?page_id=2984#primaryimage\"},\"image\":{\"@id\":\"https:\/\/joyinterieur.com\/?page_id=2984#primaryimage\"},\"thumbnailUrl\":\"https:\/\/joyinterieur.com\/wp-content\/uploads\/2024\/07\/joydesign-interieur-maison-dinard-sejour-1024x871.jpg\",\"datePublished\":\"2024-06-26T15:27:17+00:00\",\"dateModified\":\"2024-07-30T14:52:23+00:00\",\"breadcrumb\":{\"@id\":\"https:\/\/joyinterieur.com\/?page_id=2984#breadcrumb\"},\"inLanguage\":\"fr-FR\",\"potentialAction\":[{\"@type\":\"ReadAction\",\"target\":[\"https:\/\/joyinterieur.com\/?page_id=2984\"]}]},{\"@type\":\"ImageObject\",\"inLanguage\":\"fr-FR\",\"@id\":\"https:\/\/joyinterieur.com\/?page_id=2984#primaryimage\",\"url\":\"https:\/\/joyinterieur.com\/wp-content\/uploads\/2024\/07\/joydesign-interieur-maison-dinard-sejour.jpg\",\"contentUrl\":\"https:\/\/joyinterieur.com\/wp-content\/uploads\/2024\/07\/joydesign-interieur-maison-dinard-sejour.jpg\",\"width\":1900,\"height\":1616,\"caption\":\"Salle \u00e0 manger \u00e9l\u00e9gante d'une maison mitoyenne luxueuse, con\u00e7ue par JoyDesign Int\u00e9rieur, avec vue sur la piscine.\"},{\"@type\":\"BreadcrumbList\",\"@id\":\"https:\/\/joyinterieur.com\/?page_id=2984#breadcrumb\",\"itemListElement\":[{\"@type\":\"ListItem\",\"position\":1,\"name\":\"Accueil\",\"item\":\"https:\/\/joyinterieur.com\/\"},{\"@type\":\"ListItem\",\"position\":2,\"name\":\"R\u00e9sidentiel\"}]},{\"@type\":\"WebSite\",\"@id\":\"https:\/\/joyinterieur.com\/#website\",\"url\":\"https:\/\/joyinterieur.com\/\",\"name\":\"Joydesign int\u00e9rieur\",\"description\":\"\",\"publisher\":{\"@id\":\"https:\/\/joyinterieur.com\/#organization\"},\"alternateName\":\"Joydesign int\u00e9rieur\",\"potentialAction\":[{\"@type\":\"SearchAction\",\"target\":{\"@type\":\"EntryPoint\",\"urlTemplate\":\"https:\/\/joyinterieur.com\/?s={search_term_string}\"},\"query-input\":\"required name=search_term_string\"}],\"inLanguage\":\"fr-FR\"},{\"@type\":\"Organization\",\"@id\":\"https:\/\/joyinterieur.com\/#organization\",\"name\":\"Joydesign interieur\",\"alternateName\":\"Joydesign interieur\",\"url\":\"https:\/\/joyinterieur.com\/\",\"logo\":{\"@type\":\"ImageObject\",\"inLanguage\":\"fr-FR\",\"@id\":\"https:\/\/joyinterieur.com\/#\/schema\/logo\/image\/\",\"url\":\"https:\/\/joyinterieur.com\/wp-content\/uploads\/2024\/06\/LOGO_NOIR.png\",\"contentUrl\":\"https:\/\/joyinterieur.com\/wp-content\/uploads\/2024\/06\/LOGO_NOIR.png\",\"width\":1900,\"height\":682,\"caption\":\"Joydesign interieur\"},\"image\":{\"@id\":\"https:\/\/joyinterieur.com\/#\/schema\/logo\/image\/\"},\"sameAs\":[\"https:\/\/www.instagram.com\/joydesigninterieur\/\",\"https:\/\/www.linkedin.com\/company\/joydesigninterieur\/?viewAsMember=true\"]}]}<\/script>\n<!-- \/ Yoast SEO plugin. -->","yoast_head_json":{"title":"R\u00e9sidentiel - Joydesign int\u00e9rieur","robots":{"index":"index","follow":"follow","max-snippet":"max-snippet:-1","max-image-preview":"max-image-preview:large","max-video-preview":"max-video-preview:-1"},"canonical":"https:\/\/joyinterieur.com\/?page_id=2984","og_locale":"fr_FR","og_type":"article","og_title":"R\u00e9sidentiel - Joydesign int\u00e9rieur","og_description":"MAISON E VILLA N APPARTEMENT L POOLHOUSE K","og_url":"https:\/\/joyinterieur.com\/?page_id=2984","og_site_name":"Joydesign int\u00e9rieur","article_modified_time":"2024-07-30T14:52:23+00:00","og_image":[{"url":"https:\/\/joyinterieur.com\/wp-content\/uploads\/2024\/07\/joydesign-interieur-maison-dinard-sejour-1024x871.jpg"}],"twitter_card":"summary_large_image","twitter_misc":{"Dur\u00e9e de lecture estim\u00e9e":"1 minute"},"schema":{"@context":"https:\/\/schema.org","@graph":[{"@type":"WebPage","@id":"https:\/\/joyinterieur.com\/?page_id=2984","url":"https:\/\/joyinterieur.com\/?page_id=2984","name":"R\u00e9sidentiel - Joydesign int\u00e9rieur","isPartOf":{"@id":"https:\/\/joyinterieur.com\/#website"},"primaryImageOfPage":{"@id":"https:\/\/joyinterieur.com\/?page_id=2984#primaryimage"},"image":{"@id":"https:\/\/joyinterieur.com\/?page_id=2984#primaryimage"},"thumbnailUrl":"https:\/\/joyinterieur.com\/wp-content\/uploads\/2024\/07\/joydesign-interieur-maison-dinard-sejour-1024x871.jpg","datePublished":"2024-06-26T15:27:17+00:00","dateModified":"2024-07-30T14:52:23+00:00","breadcrumb":{"@id":"https:\/\/joyinterieur.com\/?page_id=2984#breadcrumb"},"inLanguage":"fr-FR","potentialAction":[{"@type":"ReadAction","target":["https:\/\/joyinterieur.com\/?page_id=2984"]}]},{"@type":"ImageObject","inLanguage":"fr-FR","@id":"https:\/\/joyinterieur.com\/?page_id=2984#primaryimage","url":"https:\/\/joyinterieur.com\/wp-content\/uploads\/2024\/07\/joydesign-interieur-maison-dinard-sejour.jpg","contentUrl":"https:\/\/joyinterieur.com\/wp-content\/uploads\/2024\/07\/joydesign-interieur-maison-dinard-sejour.jpg","width":1900,"height":1616,"caption":"Salle \u00e0 manger \u00e9l\u00e9gante d'une maison mitoyenne luxueuse, con\u00e7ue par JoyDesign Int\u00e9rieur, avec vue sur la piscine."},{"@type":"BreadcrumbList","@id":"https:\/\/joyinterieur.com\/?page_id=2984#breadcrumb","itemListElement":[{"@type":"ListItem","position":1,"name":"Accueil","item":"https:\/\/joyinterieur.com\/"},{"@type":"ListItem","position":2,"name":"R\u00e9sidentiel"}]},{"@type":"WebSite","@id":"https:\/\/joyinterieur.com\/#website","url":"https:\/\/joyinterieur.com\/","name":"Joydesign int\u00e9rieur","description":"","publisher":{"@id":"https:\/\/joyinterieur.com\/#organization"},"alternateName":"Joydesign int\u00e9rieur","potentialAction":[{"@type":"SearchAction","target":{"@type":"EntryPoint","urlTemplate":"https:\/\/joyinterieur.com\/?s={search_term_string}"},"query-input":"required name=search_term_string"}],"inLanguage":"fr-FR"},{"@type":"Organization","@id":"https:\/\/joyinterieur.com\/#organization","name":"Joydesign interieur","alternateName":"Joydesign interieur","url":"https:\/\/joyinterieur.com\/","logo":{"@type":"ImageObject","inLanguage":"fr-FR","@id":"https:\/\/joyinterieur.com\/#\/schema\/logo\/image\/","url":"https:\/\/joyinterieur.com\/wp-content\/uploads\/2024\/06\/LOGO_NOIR.png","contentUrl":"https:\/\/joyinterieur.com\/wp-content\/uploads\/2024\/06\/LOGO_NOIR.png","width":1900,"height":682,"caption":"Joydesign interieur"},"image":{"@id":"https:\/\/joyinterieur.com\/#\/schema\/logo\/image\/"},"sameAs":["https:\/\/www.instagram.com\/joydesigninterieur\/","https:\/\/www.linkedin.com\/company\/joydesigninterieur\/?viewAsMember=true"]}]}},"uagb_featured_image_src":{"full":false,"thumbnail":false,"medium":false,"medium_large":false,"large":false,"1536x1536":false,"2048x2048":false,"ocean-thumb-m":false,"ocean-thumb-ml":false,"ocean-thumb-l":false},"uagb_author_info":{"display_name":"marie","author_link":"https:\/\/joyinterieur.com\/?author=2"},"uagb_comment_info":0,"uagb_excerpt":"MAISON E VILLA N APPARTEMENT L POOLHOUSE K","_links":{"self":[{"href":"https:\/\/joyinterieur.com\/index.php?rest_route=\/wp\/v2\/pages\/2984"}],"collection":[{"href":"https:\/\/joyinterieur.com\/index.php?rest_route=\/wp\/v2\/pages"}],"about":[{"href":"https:\/\/joyinterieur.com\/index.php?rest_route=\/wp\/v2\/types\/page"}],"author":[{"embeddable":true,"href":"https:\/\/joyinterieur.com\/index.php?rest_route=\/wp\/v2\/users\/2"}],"replies":[{"embeddable":true,"href":"https:\/\/joyinterieur.com\/index.php?rest_route=%2Fwp%2Fv2%2Fcomments&post=2984"}],"version-history":[{"count":17,"href":"https:\/\/joyinterieur.com\/index.php?rest_route=\/wp\/v2\/pages\/2984\/revisions"}],"predecessor-version":[{"id":4044,"href":"https:\/\/joyinterieur.com\/index.php?rest_route=\/wp\/v2\/pages\/2984\/revisions\/4044"}],"wp:attachment":[{"href":"https:\/\/joyinterieur.com\/index.php?rest_route=%2Fwp%2Fv2%2Fmedia&parent=2984"}],"curies":[{"name":"wp","href":"https:\/\/api.w.org\/{rel}","templated":true}]}}